 18 + (-13 - 12) - -17?
10
Evaluate 6 + -5 + 3 + 6 + (-3 - -2).
9
What is the value of -3 + (7 - 11) - -1?
-6
Calculate 7 + (18 + -24 - -1).
2
Calculate 5 - (-25 + 2 + 11 + -3).
20
What is the value of (-8 - (-10 + 21)) + 35?
16
Calculate 60 - 53 - (-2 - (1 - 2)).
8
What is -33 + -12 + 31 + -7?
-21
What is 13 - 1 - (372 + -350)?
-10
What is 1 + -2 + (5 - (14 + -16)) - 4?
2
What is the value of (1 - -5 - 5) + -9 - -10?
2
What is 0 - 56 - -61 - (1 - (4 - 1))?
7
Calculate 9 + 1 + (-54 - -51) - 2.
5
(-15 + -11 - -7) + 2
-17
Calculate -1 - 3 - (59 + -68).
5
What is the value of -3 + 1 - ((-6 - -12) + -4 + 3)?
-7
Evaluate 22 + -9 + -4 - (1 - -2).
6
What is 12 + -26 + (1 + 4 - 2) + 1?
-10
What is -23 + -16 + 20 + 0 + 5?
-14
What is -18 + 1 + 4 - (15 - 7)?
-21
(-4 - 0) + (197 - 189)
4
Evaluate -9 + 1 - (354 - 347).
-15
Calculate (-12 - (14 + -23)) + (-3 - 0) + 18.
12
What is the value of -2 + 13 - (-4 - (12 - 32))?
-5
Calculate 8 + (-10 + 2 - (31 - 45)).
14
Calculate 11 + 24 + -16 - 10.
9
2 + (-13 + 12 - 4)
-3
-35 - (-43 - -7) - 17
-16
What is -10 + 13 + (0 - 1)?
2
Calculate 14 - 13 - (-11 + -2 + 0).
14
What is the value of 8 - (7 + (-3 - 3) + 10 + -16)?
13
Evaluate 1 + -8 - (-21 - (-32 + 9)) - -28.
19
What is (15 - (-12 - -33)) + -2 + 13 + -2?
3
-6 + (-3 - (5 + -7)) - -7
0
What is 3 + -14 + 19 + (-25 - -3)?
-14
Evaluate 18 - 34 - -10 - (1 + -16).
9
Calculate (25 - 1) + (-100 - -91).
15
Calculate 21 + -10 + 7 + -5.
13
What is the value of (2 - (-1 + -1)) + (15 - 13)?
6
What is the value of -3 - (7 - (-12 + 19))?
-3
Calculate 20 + 19 + -6 + -10 + 5 - 1.
27
Calculate 1 + 5 - (-34 + 43 - (0 - -1)).
-2
Evaluate (2 - (5 + 4)) + 6.
-1
13 + -4 + -4 - ((30 - 5) + -16)
-4
7 + (28 - 1) + -4 + 13 + -14
29
((7 - -11) + -13 - (-1 + 4)) + 6
8
What is the value of (-9 - (14 - 0 - 17)) + 2?
-4
Calculate -7 - (-6 + 4 + -9 + (-1 - 0)).
5
Evaluate 6 - (-17 + (-30 - -82)).
-29
Evaluate -1 + (-12 - (9 - 1 - 4)).
-17
Calculate 6 + -5 + 8 + -17 - (-1 + -3).
-4
Calculate 13 + 20 + (-83 - -21).
-29
35 + (-12 - -6 - -1) + -10
20
What is the value of 1 + (-8 - -7) + (0 - 1) - -14?
13
What is -5 + 5 + -27 - (10 - (9 - -11))?
-17
Evaluate 10 - (-25 + 22) - 14.
-1
What is the value of -41 - (34 + -69 + -16)?
10
What is the value of -12 + -1 + 1 + -1 - (-98 + 91)?
-6
Calculate 12 + (-15 - -3 - (-43 - -19)).
24
What is 12 + (5 - (31 - 0)) + 45?
31
What is 4 - (-4 + (-10 - (3 - (8 + -6))))?
19
What is -17 + 5 + 33 + -18?
3
What is (-28 - 2) + (589 - 571)?
-12
Calculate 28 + (26 - 28) + -45.
-19
Calculate -36 - -12 - -9 - -23.
8
What is 20 + (1 - -10) + 9 + -16?
24
What is 22 + (-24 - -39) - 22?
15
What is -36 + (24 - (-22 - -17))?
-7
Calculate -16 + (17 - 3) - (0 + -8).
6
-5 - (5 + -24 + 25)
-11
Evaluate -20 + 13 + 0 - (0 + 14).
-21
What is the value of -19 + 13 + 16 + -5 + -1?
4
What is 3 + (-1 - 0) + 111 + -111 + -3?
-1
What is the value of (15 - (40 - 7)) + 6?
-12
What is -13 + (-10 - -22) + -5?
-6
What is the value of -19 - ((7 - (-1 + -3)) + (-17 - -8))?
-21
Calculate -3 - 0 - (-5 + 59 + -56).
-1
Evaluate (2 - 3 - (1 - -2)) + 659 + -659.
-4
What is 27 + -4 + -14 + 2?
11
Evaluate (254 - 207) + -29 + 0.
18
(12 - (28 - 3) - -18) + -14
-9
-15 - (-2 + -11 + -1)
-1
What is 0 + 6 + (-62 + 37 - -35)?
16
Calculate 11 - (7 + 1) - 3.
0
What is (1 - -1) + -4 - -7 - 19 - 2?
-16
Calculate (-1 - (-7 - -13) - 1) + 6 + -1.
-3
Calculate -1 - (-13 + (-3 + 7 - 0)).
8
What is the value of 2 - 31 - (11 + 5 + 13 + -36)?
-22
1 - -24 - 1 - (115 + -109)
18
Calculate (-17 - -5) + (1 - -16).
5
What is 1 + 1 - (239 - 244) - -3?
10
29 + 10 + (-47 - -19)
11
(6 - -12 - 5) + -28 - (-5 + 1)
-11
Evaluate 27 + -36 + 3 + 14.
8
(-7 - (-9 + 18 - 10)) + 10
4
What is the value of 5 - (-12 - -24) - -10 - (-1 - -2)?
2
What is the value of (-15 - ((-15 - -10) + -1)) + -5 + 3?
-11
What is the value of -9 - (-2 + -2 + -11)?
6
Evaluate -3 + -4 + -3 + -6 + 7.
-9
-103 - -129 - (-1 - 2)
29
Evaluate 19 - (-19 + 55 - 5).
-12
Evaluate -3 - (-8 - (-15 + 1)) - -9.
0
(0 - (-2 + 11)) + 52 + -5 + -68
-30
Evaluate 0 + (-43 + 39 + -1 + 12 - 9).
-2
Calculate -4 - (-43 + 44 + 0 + -16 + -1).
12
What is -11 + (-4 - -17) + -5?
-3
-1 + -15 - (202 - 222)
4
What is the value of 5 - 17 - (4 - 9)?
-7
What is -20 + (-3 - -3) + 7?
-13
(8 - (-3 + -1 + 6)) + -2 - 22
-18
What is the value of -4 + (2 - -3) - (12 - (2 - 2))?
-11
Evaluate (5 - 1) + (13 - 19).
-2
What is -9 + (11 + 10 - -25)?
37
What is -23 + (0 - (-29 + 3))?
3
(-6 - -1) + (16 - 2 - 3)
6
What is 8 - (-2 - 0 - -6 - (-34 - -28))?
-2
Evaluate (30 + -14 - 14) + (-5 - -2) + 14.
13
3 - 9 - -6 - 4
-4
Calculate 8 - (5 + 1 - (3 - -9 - 9)).
5
Evaluate 0 + -10 - 1 - (60 - (-9 + 71)).
-9
Evaluate (-12 - -9) + (4 - 23) + -10 + 4.
-28
0 - ((-9 - (-5 - -4)) + 11 - 12)
9
Calculate (-6 - -5) + (7 - -15) + -11 + 6.
16
Calculate 45 + 28 + -64 - (-1 - -7).
3
Calculate 3 + 7 + 7 - 19.
-2
What is -19 - (17 - 7) - (6 + -5)?
-30
(24 - -1) + 0 + 49 + -68 + 11
17
What is the value of (56 + -54 - (1 - 2)) + -16 - 1?
-14
What is -6 - (15 - -4 - 19 - (0 - 6))?
-12
What is -4 + 7 + -1 + (-13 - (9 + -20))?
0
(-4 - (-8 + 5)) + -3 + 3
-1
Calculate 16 + (-17 + 2 - (169 - 158)).
-10
Calculate -10 - (-4 - 15 - 5).
14
What is (187 - 107) + (-43 - 2)?
35
Calculate 38 + -32 - (-2 + -3 + 1).
10
What is the value of -3 - (-3 - 6 - (-70 + 49))?
-15
What is the value of (39 - 25) + -26 + (10 - 2)?
-4
What is the value of 7 + 18 + -6 + -12?
7
Calculate -171 + 167 - (-2 + 0).
-2
What is the value of 15 - (-1183 - -1185 - (0 + -1 - -1))?
13
Evaluate -1 - -5 - (52 + -48) - 0.
0
Evaluate 7 + -6 + (2 - 4) + -4 + 12.
7
What is the value of 0 - -21 - (3 + 2 - (21 + -21))?
16
Evaluate 13 - 2 - (-314 + 324).
1
Calculate -14 - -36 - (-5 + (-6 - -14)).
19
What is the value of -2 - -19 - ((6 - 18) + 3 + 10)?
16
(2 - (5 + 1)) + (0 - -5 - 5)
-4
Evaluate 2 + 4 + -83 + 70.
-7
Calculate (-1 + 1 - -22) + -150 + (232 - 79).
25
15 - (-2 + 4 + -2 + (8 - 4))
11
What is the value of 8 + -10 + (20 - 1) + -8?
9
What is 1 - 1 - ((-31 - 17) + 68)?
-20
Evaluate 2 + 13 + -3 + 2 + (-121 - -128).
21
What is the value of 1 + -4 - ((55 - -8) + -52)?
-14
Evaluate -1 - (12 - 5) - (-6 - -6).
-8
Calculate 12 - (3 + (6 - 0)).
3
4 + -3 + 8 + -8 - -5
6
Calculate -20 + (-10 - -24) - -27.
21
Evaluate -20 + (3 - -50) + -24 - (7 + -1).
3
Calculate -15 + (-16 - (-27 - -6)) + -3.
-13
6 - (-20 - (-8 - 3) - 0)
15
Calculate (1 - -2) + (-19 - (33 + -37)).
-12
What is 4 + -4 + 0 + (-3 - 7)?
-10
Evaluate -16 - (4 - 3 - 10).
-7
Calculate -5 + 1 + -9 + (27 - 0).
14
What is 5 - 2 - (-1 - (-3 + (0 - -10)))?
11
Evaluate 13 - 5 - -3 - (0 - -7) - 23.
-19
Calculate -4 + -8 + -6 + (5 - -8) + -5.
-10
What is 24 - 22 - ((-4 - 0) + 14)?
-8
Calculate (-10 + 11 - (1 + -9)) + 4 - 9.
4
Evaluate (44 - (-12 + 31 + -6)) + -3.
28
What is (-8 - (-12 + 14)) + 27?
17
-5 - (-4 + 8) - (2 + -30 + -6)
25
Evaluate -2 - -2 - -4 - (41 + -26).
-11
0 + 0 - (7 - (15 + -7 + -9))
-8
Evaluate 50 + -13 + -49 + 36 + 1.
25
Evaluate (16 - 33) + 49 + -40.
-8
What is the value of -7 + -1 + (-25 - -39) + -9?
-3
Calculate 13 + -16 + 7 + 0 + (-7 - 3).
-6
-11 - -27 - 4 - (21 - -2)
-11
What is the value of -7 + (4 - -21 - (33 + -28))?
13
Evaluate (-2 + (6 - 4) - 11) + 10.
-1
Evaluate (45 - 7) + 77 + -133.
-18
6 + 43 + -26 + -6
17
Evaluate -1 - -1 - (25 - (32 - 14)) - -4.
-3
Evaluate 3 + 4 + (1 - -1) - (702 - 704).
11
What is the value of 0 - 1 - (-149 - -146)?
2
Calculate 2 + -7 + 3 + -5 - -14 - 18.
-11
What is the value of (-180 - -186 - (1 - (0 - 2))) + 1?
4
Calculate (2036 - 2028) + (-28 - (1 - 1)).
-20
Calculate (-1 - 14) + 44 - 13.
16
What is the value of (8 - 15) + (-5 + 2 - -7)?
-3
-13 - ((10 - 8) + (-4 - (4 + 0)))
-7
What is 14 + (0 - 13 - -36) + -15?
22
-21 + 4 + (-2 - -3) - -7
-9
Calculate -5 - 0 - ((6 - -2) + 12 + -16).
-9
What is the value of 8 + (-2 - 1) - (-41 - -48)?
-2
Calculate (-2 - -1) + 20 + -13.
6
(5 + -8 - -11) + -12 - -4 - -7
7
(-97 - -111) + (-6 - (0 + 2))
6
Evaluate 20 - (1 + (-3 - -12)).
10
Evaluate 1 + (-4 - (2 + 2)) + (9 - -4).
6
Evaluate 9 - (-31 + 42 + (-3 - 27) - -1).
27
What is -27 - (-12 + 30 + -14 - (11 - 2))?
-22
Calculate 6 - (34 + -48) - 34.
-14
What is 292 + -239 - (-2 - -32)?
23
Calculate (-3 + 0 - (-120 - -137)) + 12.
-8
-13 - (13 + 0 - 20)
-6
What is (1 - 4) + (133 - 142)?
-12
What is